 first derivative of f(c). What is z(-8)?
5
Let c(o) be the third derivative of -35*o**4/24 - 13*o**3/2 - 165*o**2. Let n be c(-1). Let q(w) = w**3 + 3*w**2 - 5*w. Give q(n).
4
Let o(m) = m**3 - 3*m**2 - 4*m + 10. Suppose 4*p + 225*c - 223*c = 30, -2*p - 2*c + 20 = 0. Calculate o(p).
40
Let q(h) = 6*h**3 + 2*h**2 - h - 7. Let i = -19434 + 19437. Give q(i).
170
Let z(q) = q**2 - 2*q - 5. Let d = -87 + 82. Let k be (-15)/(-5) - d/((-10)/24). Let t(p) = -p**2 - 8*p + 13. Let n be t(k). Calculate z(n).
3
Let d(a) = 9*a**2 - 1. Suppose 6 = -8*k + 22. Suppose k*n + 7 = -3*y + 2*y, -2*n - 4 = 4*y. Calculate d(y).
8
Let g(l) = -140*l + 1397. Let x = 40974 + -40964. What is g(x)?
-3
Let c(u) be the first derivative of -2*u**3/3 - 3*u**2/2 - 5*u - 199. Determine c(4).
-49
Let n(o) = -5*o**2 - 60*o - 33. Let v(z) = 4*z**2 + 46*z + 32. Let g(p) = -3*n(p) - 4*v(p). What is g(-6)?
-41
Let l(s) be the first derivative of s**4/4 + 14*s**3/3 + 11*s**2/2 - 27*s + 5082. What is l(-13)?
-1
Suppose -14 + 7 = -7*u. Let s(n) = 4*n**2 + 2 - 3*n**2 + 55*n - 63*n - u. What is s(4)?
-15
Suppose 28*m = 27*m - 2. Let x be (0 + m)*(-1 + (-12)/(-8)). Let k(o) = 2*o. What is k(x)?
-2
Let r(k) = 22*k + 494. Let z(v) = -7*v - 154. Let w(t) = 5*r(t) + 16*z(t). Let i be (-184)/16 - (-2)/4. Calculate w(i).
28
Let q(z) be the third derivative of z**4/6 + z**3 + 25*z**2. Let j = -51 - -54. Let v(s) = -4*s - 5. Let f(k) = j*v(k) + 4*q(k). Give f(-8).
-23
Let n = 112 - 75. Let b(s) = -n*s**2 - 13*s - 7 - 20*s**2 + 69*s**2 + s**3. What is b(-13)?
-7
Let j be -3 - (-18 - 3/1). Let p be ((-88)/(-66))/(4/18*3). Let t(l) = l + j*l**2 - l**3 + 17*l**p - 36*l**2. What is t(2)?
-10
Suppose -5*x + 9 + 11 = 0. Suppose -5*c + 3*t - 15 = 0, -x*c - 4*t - 44 = -0*c. Let y be (-5)/(-30)*-4*c/4. Let k(u) = -6*u**2 - 2*u + 1. Calculate k(y).
-7
Let k(w) be the third derivative of -w**4/4 - 19*w**3/3 - 2*w**2 - 13*w - 114. Calculate k(-7).
4
Let q(t) = 3*t - 13. Let v be 51 + -40 - (5 - -3)/2. What is q(v)?
8
Let x(w) = -4 + w**2 - 5 + 5 + w. Let f(d) = -d**2 + 4*d + 281. Let k be f(0). Let t = -277 + k. Determine x(t).
16
Suppose -2*d = -4*p - 0 + 24, 4*p + 12 = 0. Let f(k) = 3*k**2 - 4. Let c be f(3). Let q = c + d. Let y(x) = -x**2 + 7*x - 7. Calculate y(q).
3
Let a = 9 - 27. Let d = a + 17. Let z(v) = 19*v - 2. Let i(j) = 37*j - 3. Let q(x) = -3*i(x) + 5*z(x). Give q(d).
15
Let p(v) = 4*v - 15. Suppose 15 - 5 = k. Suppose k*j - 36 - 24 = 0. What is p(j)?
9
Suppose 43*k = -24*k - 402. Let j(u) = 18*u + 102. Determine j(k).
-6
Let o(d) = 13 + 20 - 3*d + 3*d + 7 - 5*d. Calculate o(9).
-5
Let n(i) = 5*i**2 + 13*i - 15. Let r(y) = 9*y**2 + 25*y - 25. Let z(k) = -7*n(k) + 4*r(k). Calculate z(-10).
15
Let b(k) = 9*k. Suppose -4*h = -w + 4, -8*w + h - 18 = -3*w. Determine b(w).
-36
Let f(s) = -2*s**3 - s**2 - 2*s + 3. Let v(g) be the second derivative of 13/12*g**4 + 0 - 1/6*g**3 - 11/2*g**2 + 1/20*g**5 + 4*g. Let l be v(-13). Give f(l).
-21
Suppose 0 = -0*b + 12*b - b. Suppose 10 = 4*p + 2, -4*l - 2*p + 12 = 0. Let x(v) = -v + 21 + 0*v + 0*v - l. Calculate x(b).
19
Suppose -25 = -5*j - 2*l, 2*j + l + 4 = 3*l. Suppose 95 = 2*u - 3*v, j*u - 5*v = 97 + 44. Let y = 50 - u. Let i(w) = 6*w**2 + 3*w. Calculate i(y).
18
Let r(v) = -v - 1. Let z be (3/9)/(1/(-27)). Let x be 108/(-48)*-3*(-4)/z. Determine r(x).
-4
Let v = 302 - 513. Let f = v - -201. Let g(p) = -p**2 - 8*p + 14. Calculate g(f).
-6
Let q be (-3)/(3/(-2)) + (76 - 42) + -32. Let t(j) = -5*j + 2. Calculate t(q).
-18
Let t(f) = 7*f**3 - f**2 + 8*f - 8. Let k(z) = -20*z**3 + 3*z**2 - 23*z + 23. Let q(o) = 6*k(o) + 17*t(o). Give q(0).
2
Suppose 2337*i - 264 = 2313*i. Let x(v) = -2*v**2 + 23*v - 10. Calculate x(i).
1
Let i(h) = -11*h**2 + 2*h**2 - 3096 + 3095 - 4*h**2 + 5*h. What is i(2)?
-43
Let d(g) = -g**3 - 21*g**2 - 62*g + 241. Let y be d(-7). Let u(i) = -10*i - 87. What is u(y)?
23
Let b(n) = n**3 + 13*n**2 - 16*n - 24. Let r(v) = -2*v**2 + 3*v + 6. Let o be r(4). Let d be b(o). Suppose -8 = -d*s - 44. Let c(a) = -a - 3. Determine c(s).
6
Let p(d) = 434 - 113 - 110 + 2*d - 112 - 114. Give p(4).
-7
Let z(p) be the first derivative of -27*p**2/2 - 7*p + 7112. Calculate z(-1).
20
Let h(q) = 3 + 8*q - 1 + 0. Suppose 0 = -1265*v + 1280*v - 45. Give h(v).
26
Let p(a) = -12*a + 63111 - 63110 + 4*a + 2*a. Let t = 9 + -24. Let g = -11 - t. Calculate p(g).
-23
Suppose 0 = 3*t - 6, 3055 - 3039 = 2*c - 5*t. Let z(p) = p**3 - 13*p**2 - 9*p + 2. What is z(c)?
-115
Let k(i) be the first derivative of -i**4/4 + 11*i**3/3 - 11*i**2/2 + 9*i + 5. Let y = 23 + -28. Let a(o) = -o**2 - 8*o - 5. Let f be a(y). What is k(f)?
-1
Let k(d) = -2*d**2 - 31569 - d - 31568 + 63138. Let f be (-2 - 0)/(-6 + 7). Give k(f).
-5
Let q(i) = 15*i + 2. Suppose -7*p - 74 + 235 = 0. Suppose p = -10*z + 3. Calculate q(z).
-28
Let c(y) = y**3 - y**2 + 225. Let n be c(0). Let p = n - 219. Let r(s) = 2*s - 9. What is r(p)?
3
Let v(j) = -24*j + 7*j - 6*j - 1 + 7*j + 3*j + 2*j**2. Determine v(6).
-7
Suppose -14*i - 91 = -17*i + 4*v, 0 = -i + 8*v + 57. Let d(y) = -y**3 + 23*y**2 + 50*y + 3. What is d(i)?
3
Let r(t) be the first derivative of -t**3/3 + 4*t**2 - 7*t - 68. Suppose 302 - 294 = o. Calculate r(o).
-7
Let q(t) = -t**3 + 9*t**2 - 33*t - 5. Let a(i) = i**3 - 10*i**2 + 31*i + 4. Let s be 4/(1 - 2) - -2. Let y(k) = s*q(k) - 3*a(k). Determine y(9).
-2
Suppose -47*x + 75*x = -5 - 23. Let t(s) = -5*s**2 + 31*s + 32. What is t(x)?
-4
Let c = -45 - -47. Let s(b) = b**2 + 4 - 4*b**2 + b + c*b**2. What is s(-5)?
-26
Let c(n) = -n**2 + 21*n + 11. Let r be c(21). Suppose 0 = r*d - 9*d - 4. Let a(f) = -6*f - 4*f + 1 + 6*f**d - 11*f - f**3 + 15*f. Calculate a(5).
-4
Suppose -2*m - 8 = -2. Let g(a) be the third derivative of 0 + 1/24*a**4 + 20*a**2 - 1/6*a**3 + 0*a. Give g(m).
-4
Let b(h) = -11*h**3 + 14*h**2 - 34*h + 17. Let v(f) = -5*f**3 + 7*f**2 - 16*f + 8. Let g(p) = 4*b(p) - 9*v(p). Let s be g(6). Let r(i) = 2*i - 10. What is r(s)?
6
Let t(y) = 8 + 3*y**2 + 2*y**2 + 9*y - 4*y**2. Let k be t(-8). Let u(a) be the second derivative of a**3/6 + 3*a**2/2 + 981*a. What is u(k)?
3
Let h be (-35)/(-10)*2/7. Let v(g) = 17*g**2 + 44*g + 1. Let k(q) = -15*q**2 - 33*q - 1. Let t(x) = 4*k(x) + 3*v(x). What is t(h)?
-10
Let a(t) = t + 18. Let j(n) = 3*n + 36. Let z(l) = 5*a(l) - 2*j(l). Let y be 4/(-10)*1 - 60/(-150). Suppose 7*x = -y*x + 3*x. Give z(x).
18
Let s = 16052 + -16051. Let f(i) = 9*i**2 + i - 1. Determine f(s).
9
Let x(l) = l - 1. Let u(p) = 14*p + 18. Let h = 235 + -236. Let d be u(h). Determine x(d).
3
Suppose 0 = -2*n - 1 + 5. Suppose 5*j - n*i - 103 = 0, -i - 12 = -2*j + 30. Let h(u) = -3 - 18*u**2 + u + j*u**2 + u + 0*u. Determine h(3).
12
Let g(k) = -5*k - 26. Suppose 4*j = 584 - 628. Determine g(j).
29
Let u(n) = n**2 - 9*n + 10. Suppose 0 = 3*x - 4*q - 97, -q = -6*q + 10. Suppose 0 = 15*m - x - 70. Determine u(m).
-4
Let n(r) = -3*r**2 - 48*r - 8. Let a(w) = -2*w**2 + 2*w + 1. Let k(h) = 6*a(h) - n(h). Calculate k(7).
-7
Let j be ((-3)/(-9))/(6/90). Let h(z) = -4*z**2 + 8*z + 8. Let y(c) = -3*c**2 + 5*c + 5. Let p(a) = j*h(a) - 7*y(a). Let l be ((-8)/(-20))/(1/(-10)). Give p(l).
1
Let g(i) = -2*i**2 - 26*i - 9. Let a be g(-12). Let r(p) = p**3 + 5*p + 0 + a*p**2 - 10*p**2 + 4 - 2*p. Suppose 6 = -3*j + 2*c - 5*c, 5 = 5*c. Determine r(j).
13
Let p(l) = 56*l**2 + 1. Let s(m) = 59*m - 176. Let b be s(3). Determine p(b).
57
Let m(h) = 5*h**2 + 4*h - 8. Let y(l) = 11*l**2 + 7*l - 17. Let t(c) = -9*m(c) + 4*y(c). Let a = 280 - 288. Determine t(a).
4
Let a = -2828 - -2830. Let l(b) be the second derivative of -5/6*b**4 + 0 - 1/6*b**3 - 15*b - 1/2*b**a. What is l(-1)?
-10
Let j(f) = -3*f + 22044 - 44107 - f + 21946. Give j(-29).
-1
Let q(c) = -c - 5. Let m(f) = f**3 - 14*f**2 + 19*f + 39. Let p be m(15). Let a = p + -544. Determine q(a).
-10
Suppose -5*x - 8 = -7*x. Let b(g) = 6*g - g + 4*g - 11*g + 1 + 1. Give b(x).
-6
Let w(r) = 13*r**2 + 6*r + 31 - 36*r**2 + 14*r**2 + 11*r**2 - 15. Calculate w(-4).
24
Let v(g) be the third derivative of -3*g**4/8 - 13*g**3/3 + 29*g**2 - 3*g. Determine v(-5).
19
Let i = 206 - 135. Let o(q) = i - 67 - 26*q + q**2 + 32*q. Let p be -1*4*6/4. Give o(p).
4
Let v(y) = -3*y**3 + 6*y**2 - 2*y. Let r = 210 - 213. Let i(m) = 4*m**3 - 6*m**2 + m. Let n(a) = r*v(a) - 2*i(